et s = 38 + -35. Suppose 0 = -5*a - s*l + h, -2*l + 4*l - 34 = -5*a. Calculate the greatest common divisor of a and 40.
8
Suppose l - 6*l = -45. What is the highest common factor of 27 and l?
9
Suppose 2*i - 48 = 2*v, -5*i - 4*v + 144 = -3*v. Suppose 5*g - i = 47. Calculate the highest common factor of 60 and g.
15
Suppose 3*h + 3*y + 2*y - 116 = 0, 0 = -h + 3*y + 20. Calculate the highest common divisor of 32 and h.
32
Let g(v) = -v + 1. Let u be g(-1). Suppose 3*n = u*k + 636, -4*k - 170 - 472 = -3*n. Suppose 0 = 3*y - n + 66. What is the highest common divisor of 16 and y?
16
Let n be 0 + (1 - -76)/1. Let v = -18 - -29. Calculate the highest common divisor of v and n.
11
Let g(y) = -y**3 - 6*y**2 + 16*y + 15. Let u be g(-8). What is the greatest common factor of 20 and u?
5
Let d = 71 + -17. What is the highest common factor of 6 and d?
6
Let w(o) = -12*o - o**2 - o + 3 + 1. Suppose 0 = -6*u - 21 - 33. Let c be w(u). Calculate the greatest common factor of c and 16.
8
Let q be (-2)/(-1) - (12 + -20). Calculate the greatest common divisor of 40 and q.
10
Let d be (1/(-2))/((-2)/120). Let p = -23 + 33. Calculate the greatest common factor of p and d.
10
Let z be 0 - 3/2 - 51/(-2). What is the highest common factor of z and 60?
12
Suppose -2*m + 192 = 2*m. Suppose 2*s - 3*v - 54 = 12, 86 = 3*s + 2*v. Suppose -3*l = 3*q - s, q - 6*l = -l + 22. What is the highest common divisor of q and m?
12
Suppose 2*u - 3*n - 16 = 0, 5*n - 14 = -2*u + 7*n. Suppose 42 = 3*p + t, -u*p = 3*t - 0*t - 70. What is the highest common factor of 21 and p?
7
Let k = 103 - 87. What is the highest common factor of k and 8?
8
Let u = -4 + -1. Let d be 62/5 - (-2)/u. Suppose 2*f - 22 = -4*y + d, 0 = 3*y + 2*f - 23. What is the highest common factor of 22 and y?
11
Let w(l) = -l**2 - 5*l + 3. Let m be w(-4). Calculate the greatest common divisor of m and 1.
1
Let o(z) = z**3 - 5*z**2 + 4*z + 3. Let x be o(4). Suppose 0 = -2*n + 5*u + 9, 2*n + 4 - 16 = 4*u. What is the greatest common factor of x and n?
3
Let l = -39 - -53. Let m(c) = c**2 - 7*c + 8. Let k be m(6). What is the highest common factor of k and l?
2
Suppose -5*b - 100 = -5*t, -2*b = -3*t + 3*b + 60. Suppose -3*x = x - 2*q - 86, -5*x + q = -103. What is the highest common divisor of x and t?
20
Let d = 55 + -35. Calculate the highest common factor of 100 and d.
20
Let m(s) = 2*s + 6. Let f be m(0). Suppose 3*j + f = j, 0 = -5*t + j + 603. Calculate the greatest common divisor of t and 15.
15
Suppose 18 = 5*q + 2*c, 0 = -3*q - 7*c + 2*c + 26. Let t = 27 - 15. What is the greatest common factor of q and t?
2
Let i be (-1)/(-5) + 7/(-35). Let n be (-8)/(-6)*(6 + i). Calculate the greatest common factor of 2 and n.
2
Let d(j) = 3*j**3 + j. Let r(g) = -g**2 - 4*g. Let z be r(-3). Suppose z*o - 2 - 1 = 0. Let q be d(o). What is the highest common factor of q and 4?
4
Suppose 7*v = 4*v + 3*b + 6, 0 = v - 4*b - 11. Let q be -2 + 3 - v - -2. Let c = 28 - 20. Calculate the greatest common factor of q and c.
4
Suppose -5*h = l - 5*l + 10, 3*h = 4*l + 2. Let v be ((-27)/6)/(h/8). Let j(o) = o - 1. Let i be j(7). Calculate the greatest common divisor of v and i.
6
Let m(j) = 0*j + 4*j + 3*j + 8*j. Let q be m(2). Let u = 66 - q. What is the greatest common divisor of u and 9?
9
Let p be (-19)/12*-3*8/1. Let z be (-114)/4*(-2 - 0). Calculate the highest common factor of p and z.
19
Let h be ((-100)/(-80))/((-1)/(-8)). What is the greatest common factor of 110 and h?
10
Let k be ((-108)/(-16))/((-2)/16). Let z = -22 - k. What is the greatest common factor of z and 4?
4
Let n(j) = 16*j**2 + j - 1. Suppose -5*l - 7 = 8. Let s be n(l). Calculate the highest common divisor of s and 20.
20
Let v be (-428)/(-18) - (-4)/18. Suppose 2*o = 3*o - v. Suppose 0 = -5*y - 3*n + 42, 0*y + n = 3*y - 14. What is the highest common divisor of y and o?
6
Let b(h) = 7*h**3 - 2*h + 3. Let o be b(2). What is the highest common divisor of 5 and o?
5
Let l(d) = 7*d - 7. Let m be l(4). What is the highest common factor of 3 and m?
3
Let i be (0 - 3)*(-184)/24. What is the highest common factor of i and 23?
23
Let j(c) = -5*c + c + 1 + c - 3. Let d be j(-2). What is the highest common factor of d and 28?
4
Suppose 0 = -2*r - r - 2*o + 12, -5*r + 5*o = -20. Suppose -150 = -3*n - r*p, -p + 10 = 4*n - 190. Calculate the greatest common divisor of n and 20.
10
Let c be 1*3/((-3)/(-5)). Suppose -k - 57 = q + 2*k, q - k + 41 = 0. Let i be 0 + q/(-3 + 0). Calculate the greatest common divisor of c and i.
5
Let a be 7/(35/15)*45. Calculate the greatest common factor of 45 and a.
45
Suppose 4*i = 2*w + w - 1325, -w - 675 = 2*i. Let t = 479 + i. Let f be (((-27)/12)/1)/(2/(-16)). Calculate the highest common divisor of f and t.
18
Suppose -5*n = -2*i + 54, -3*i + 2*i + 21 = -n. Calculate the greatest common factor of 85 and i.
17
Suppose 0 = 2*m - 5*m + 3. Let a(i) = -i**3 - 2*i**2 + 3*i + 5. Let w be a(-3). Suppose -z - 4*z = -w. Calculate the highest common factor of z and m.
1
Suppose -5*m + 742 = -2*a, -124 = -4*m + a + 472. What is the greatest common divisor of m and 30?
30
Let y(u) = u**3 - 2*u**3 + 12*u**2 - 4 - 1 + 5*u. Let k be y(12). Calculate the highest common factor of 11 and k.
11
Suppose -4*l + 2*l + 18 = 0. Calculate the highest common factor of l and 3.
3
Let g(t) = t**3 - 12*t**2 + 13*t - 17. Let i be g(11). What is the highest common factor of i and 20?
5
Let v(n) = -n**2 - n + 50. Let x be v(0). Calculate the highest common divisor of 10 and x.
10
Let c be (-8)/(-20) + (-16)/(-10). Let i be (4 - c)/((-3)/(-3)). What is the greatest common factor of i and 5?
1
Let v(i) = -6*i - 3. Let w be v(6). Let r be 4/(-2)*w + -1. Calculate the greatest common factor of 11 and r.
11
Suppose -20 = -3*k + 8*k. Let m = k + 9. What is the highest common divisor of 1 and m?
1
Let f = 28 - 15. What is the greatest common factor of 91 and f?
13
Let b be (-3 + (15 - 3))/1. Calculate the highest common factor of b and 45.
9
Suppose 3*w = -84 + 399. Let i be (-4)/6*(0 - w). Let u(c) = c**3 - 8*c**2 + 8*c. Let z be u(7). What is the greatest common divisor of i and z?
7
Suppose w - 11 = 1. Calculate the greatest common divisor of w and 12.
12
Suppose 4*q + 0*q = 3*i - 18, 5*q + 7 = -4*i. What is the greatest common divisor of i and 10?
2
Let r be -1 - 2*(-506)/4. Suppose -4*j = -2*i - 252, -4*j - 4*i + 0*i + r = 0. What is the greatest common factor of j and 9?
9
Let r = -5 + 9. Suppose -5*j + j = 3*z - 23, 0 = -r*j + 20. Suppose 2*n - 13 = 4*p + z, 0 = -2*n - p + 4. What is the highest common factor of 2 and n?
1
Let i(h) = -2*h**3 - 4*h**2 - 2*h - 13. Let c be i(-5). Calculate the highest common factor of c and 21.
21
Suppose -5*v = 2*c + 4, 0*c - 2*c = -v - 8. What is the greatest common divisor of 1 and c?
1
Let v(n) = -n**3 + 8*n**2 - 8*n - 1. Let m be v(7). Let x(r) = -r**3 - 7*r**2 + 5*r - 11. Let s be x(m). What is the highest common factor of s and 91?
13
Let m be (-6)/12*0/1. Let a(j) = -j**3 + j**2 - j + 112. Let f be a(m). What is the highest common factor of 14 and f?
14
Let i be -18*22/(-12)*3. Calculate the highest common divisor of 11 and i.
11
Suppose -11 = -3*y + 1. Suppose -t - w + 18 = y*t, -9 = -3*w. Calculate the highest common divisor of t and 6.
3
Suppose -z - 7 + 39 = 0. What is the greatest common factor of 16 and z?
16
Let q(y) be the first derivative of 2*y**3/3 + 5*y**2 + 9*y + 1. Let x be q(-6). What is the highest common divisor of x and 84?
21
Let d(j) = -5*j**3 + 3*j**2 + 2*j. Let o be d(-2). Suppose k - 22 = -2*r, 4*r = -2*k + 5*r + 19. What is the highest common divisor of k and o?
12
Let v be (-52)/10 - (-5)/25. Let c be 2/v + (-111)/(-15). Calculate the highest common factor of 49 and c.
7
Suppose -w - 91 - 52 = -4*u, -w - 38 = -u. What is the greatest common divisor of u and 14?
7
Let v(m) = 11*m - 5. Let j be v(5). Let y(h) = -h**3 + h**2 + h + 7. Let r be y(0). Let t = r + 3. What is the highest common divisor of t and j?
10
Let s(k) = k**3 + 4*k**2 + 4*k + 4. Let f be s(-3). Let r be -9*(f + -2*1). Calculate the greatest common factor of 6 and r.
3
Let n(o) = -o**2 + 1. Let f be n(0). Let m be f/1 + 20/(-4). Let w be 0 + m/(-2) - 1. What is the greatest common factor of w and 8?
1
Suppose -2*o + o = 2*x - 18, -2*o - 20 =